). Let w(i) = -14 + x*i - j - i**2 + 25. Determine w(6).
13
Suppose -2*y + 4*d + 0*d - 24 = 0, y - 4*d + 20 = 0. Let k(a) = a**3 + 6*a**2 + 3*a - 26. What is k(y)?
-6
Let o(g) = -1 - 7351*g - 78 + 7342*g. What is o(-12)?
29
Let b be 8/(-36) + 32/(-18). Let z(k) = k**2 + k. Let q(h) = 3*h**2 + 4*h. Let x(a) = b*q(a) + 9*z(a). Give x(-4).
44
Let u = 274 - 270. Let t(p) = -157*p**2 + 2*p**3 + 3 - u + 155*p**2 - 3*p + 4*p. Give t(2).
9
Let w(p) = -1. Let h(t) = -5*t**2 + 5*t + 3. Let s(j) = -h(j) - 6*w(j). Let x be s(1). Let b(l) = x - 4*l**2 - 556*l - l**2 + 562*l - l**3. Give b(-6).
3
Let o be (0/(-3) - 3)/(6/(-4)). Suppose -13 = -h - 2*x, -5*h = -x - o*x. Let a(i) = 3 - 3*i**2 + 2*i + 3*i**3 - 2*i**h - 5 + 0*i. What is a(3)?
4
Suppose 43 = 4*t - 85. Suppose 0 = 8*n - 3*n - 2*m + t, 0 = -4*n + 4*m - 16. Let s(y) = -y**3 - 8*y**2 - 5. Determine s(n).
-5
Let i = -208 + 201. Let r(l) = -l - 16. Give r(i).
-9
Let y = -17770 - -17784. Let a(t) = -t**2 + 9*t + 38. Give a(y).
-32
Let s(o) = -2*o + 408 - 377 + 5*o. Determine s(-15).
-14
Let t be 1/(-3)*0/9. Suppose -8*a - 8 = -t. Let i(k) = 3*k**3 + 1. Give i(a).
-2
Suppose -32*b + 5 = -37*b. Let a be ((-51)/6)/b*2. Let u = a - 14. Let p(l) = 2*l - 3. Give p(u).
3
Let h(j) = -9*j**2 - 38*j - 78. Let d(p) = -p**2 - p - 6. Let w(i) = 7*d(i) - h(i). Calculate w(-14).
-6
Let g(m) = 2*m**3 + 7*m**2 - 3*m - 4. Let y(i) be the first derivative of -i**4/4 - 2*i**3 + 3*i**2/2 + 3*i + 107. Let p(w) = 2*g(w) + 3*y(w). Calculate p(3).
1
Let d(y) be the third derivative of y**4/24 - 5*y**3/2 + 258*y**2 - 4*y + 1. Let c be 2/(-5) + 235/25. Give d(c).
-6
Let j(h) be the third derivative of -37*h**4/12 + 2*h**3/3 + 851*h**2. Calculate j(1).
-70
Let m be 1166/286 + (-3)/39. Let f(h) = -20*h + 78. Give f(m).
-2
Let n(c) = -3*c + 3*c**2 + 2 + 2*c**2 - 4*c**2 + 5*c. Let s = 25 + -10. Suppose s*q - 11*q = -16. Calculate n(q).
10
Let v be (52052/(-39))/(-11) - 2/6. Let r(d) = v - 52 - 75 + 2*d. Let z(m) = 6*m**2 - 1. Let w be z(-1). Give r(w).
4
Let m(q) = q**2 + 8*q - 26. Let t be (52/(-24))/(16/96). What is m(t)?
39
Let l(w) = -2 + 2*w**2 - 9 + 91 - 10*w - 69. What is l(3)?
-1
Let f = -1375 + 1358. Let h(b) be the third derivative of b**6/120 + 4*b**5/15 - 17*b**4/24 - 7*b**3/6 - 20*b**2. What is h(f)?
-7
Let n(r) be the first derivative of -2*r**3/3 - 4*r**2 + 2*r + 3083. Determine n(-6).
-22
Let b(i) = 2*i - 24 + 42 - 5*i**2 + 3*i**2 + 9 - 1 - 18. Let q(s) = -s**2 - 2. Let a be q(0). Calculate b(a).
-4
Let k(h) = -15*h**2 + 6*h - 5. Let n(m) = 8*m**2 - 3*m + 3. Let i(q) = 6*k(q) + 11*n(q). Suppose -8*t + 23 + 1 = -0. What is i(t)?
-6
Let h(i) = 15*i**2 + 7*i**3 - 3*i**3 - 5*i**3 - 12*i + 0*i**3 - 11 - 22*i**2. Give h(-5).
-1
Let l be (-56)/(-42) - (-1 - 3/(-9)). Let o(s) = -60*s**2 + 9*s - 10*s - 47*s**2 + 122*s**l. What is o(1)?
14
Let o(f) be the second derivative of -f**4/12 - 7*f**3/6 - 19*f**2/2 - 16*f + 25. Give o(-8).
-27
Let t(s) = -9*s + 120. Let x(z) = z**3 - 33*z**2 - 29*z + 970. Let u be x(33). Determine t(u).
3
Let f = -5 + 8. Suppose -5 + f = -d. Let r(x) = 0 - 1 + d*x + 2 + 3. Calculate r(-4).
-4
Let u(s) = -s - 9. Let j be ((-52)/(-16) - 3)*1852. Suppose -4*g + j = 3*m + 2*m, -3*m = -4*g - 297. Let l = m - 106. Give u(l).
2
Let h(q) = 6*q - 1. Let c(g) = 6*g - 71. Let b(m) = -8*m + 106. Let k(l) = -5*b(l) - 7*c(l). Suppose 2*r + 6 = -26. Let y be k(r). Calculate h(y).
-7
Let j(u) = -187*u + 3 + 93*u + 84*u + 12. Calculate j(-7).
85
Suppose 3*v + 9 = 0, 4*o - 5*v = -15 - 6. Let h(g) be the second derivative of g**5/20 + 3*g**4/4 - g**3/6 + 11*g - 9. Calculate h(o).
9
Let b(c) be the first derivative of 12 + 0*c**2 - 2*c - 5/2*c**3. Let g(r) be the first derivative of b(r). Determine g(1).
-15
Let w(r) = -15*r + 22. Suppose 3*q = 3*y + 12, 20 = 5*q + 8*y - 3*y. Let o(j) = -7*j + 11. Let m(a) = q*w(a) - 9*o(a). Give m(9).
16
Let y(g) = -3*g + 50. Let i(h) = -5. Let l(z) = 5*i(z) + y(z). Give l(9).
-2
Let o(z) = -z**3 + z**2 - z - 1. Let q(i) be the first derivative of -i**4/4 + i**3 - i**2 - 2*i - 36. Let s(n) = -2*o(n) + q(n). Calculate s(1).
2
Suppose 0 = -0*h + 14*h + 70. Let v(f) = -2*f**2 + f + 23. Give v(h).
-32
Let w(s) be the third derivative of s**5/120 - s**4/6 - 82*s**3/3 + 22*s**2 + 4. Let b(l) be the first derivative of w(l). Calculate b(4).
0
Let w(r) = -2*r**2 - 3*r + 5. Let v(q) = 3*q**2 + 7*q - 16. Let n(g) = 3*v(g) + 5*w(g). Determine n(6).
-23
Let i = -113 + 71. Let k = -86 - i. Let x = k - -41. Let o(w) = 5*w + 3. What is o(x)?
-12
Let j(h) = -43590 + 43612 - 2*h + 4*h. Calculate j(-7).
8
Let l(g) = -33 + 261821*g - 261891*g + 4. Give l(-1).
41
Let b(t) = 16*t**3 + 20*t**2 + 2*t + 18. Let j(l) = 13*l**3 + 18*l**2 + 2*l + 16. Let r(f) = -4*b(f) + 5*j(f). Determine r(-9).
71
Let m(o) = 6*o**3 + 9*o**2 + 7*o. Let v = -25 - -110. Suppose -24*z + 7*z = -v. Let d(n) = 3*n**3 + 5*n**2 + 4*n. Let c(k) = z*d(k) - 3*m(k). What is c(-1)?
2
Let z = 71 - 65. Suppose -z*b + 9 - 3 = 0. Let o(c) = b + 8*c + 2 - 7*c. What is o(-3)?
0
Let t be (-3)/((-4)/(16/(-6))). Let j(m) = 3*m**2 - 1. Suppose 0 = 13*b + 52 - 13. Let d(x) = 10*x**2 - 3*x - 4. Let l(q) = b*j(q) + d(q). Give l(t).
9
Let y = 181781 - 181760. Let d(c) = -21*c - 20*c - 2 - 22 + 2*c**2. Calculate d(y).
-3
Suppose 1839*h - 1822*h - 68 = 0. Let z(w) = -8*w + 8. Determine z(h).
-24
Let n(x) = 5*x**2 - x + 37. Let r(p) = -4*p**2 + p - 38. Let v(i) = -5*n(i) - 4*r(i). Let b(t) be the first derivative of v(t). What is b(-1)?
19
Let u(i) = 2*i - 15. Let m be u(10). Suppose 8*x = 7*x + m. Let t(c) = 1. Let n(f) = f - 4. Let y(b) = -n(b) + 5*t(b). What is y(x)?
4
Let m(d) = -191 + 59 + d**2 + 60 + 67 + 11*d - 4*d. Determine m(-7).
-5
Suppose 187 - 65 - 343 = 13*c. Let z(m) = -m**2 - 18*m - 16. What is z(c)?
1
Let x be (1*(-12)/(-10))/(3/10). Suppose r = x*r - 18. Let j(p) = -p**3 + 7*p**2 - 5*p - 5. Let m be j(r). Let v(o) = -12*o + 1. Give v(m).
-11
Let g(a) = -7*a + 4*a - 347 + 14*a + 375. Let d(k) = 8*k + 28. Let z(l) = 4*d(l) - 3*g(l). What is z(0)?
28
Let z(v) = -v**3 + 16*v**2 + 28*v - 184. Let o be z(17). Let x(b) = 3*b - 14. Let r(i) = -i + 5. Let l(y) = -7*r(y) - 2*x(y). Give l(o).
-4
Let s = -395 - -399. Let u(g) = g**3 + g + s*g**2 + 504 - 3*g**3 - 508 + g + 0*g**3. Give u(3).
-16
Let p(k) = -k**2 + 23*k - 126. Suppose 2049*i = 2100*i - 612. What is p(i)?
6
Let c be -3 + (0/2)/(-1). Let a(s) = -18*s**3 - 4*s**2 - s + 28. Let p(v) = -29*v**3 - 7*v**2 - v + 44. Let r(f) = -8*a(f) + 5*p(f). Give r(c).
-13
Let w(v) = v**3 - 5*v**2 + 2*v + 2. Let j be (-4)/((-12)/21) - (30/2 + -13). What is w(j)?
12
Let o(u) = -307*u - 9. Let j(p) = 34*p + 2. Let z(l) = -18*j(l) - 2*o(l). Give z(13).
8
Suppose 1 = -v - k, k = 2*v + 2*k - 1. Let q = -74 + 76. Let d(a) = 7 - 4 - a**q + a - 1. Give d(v).
0
Let l(p) = -p**2 + 3*p + 11. Let t be ((-14)/(-14) - -20) + -17. What is l(t)?
7
Suppose -u + 58 - 55 = 0. Suppose 0 = -q - 4*p, 0 = -5*q - u*p + 57 - 6. Let d(c) = c**3 - 13*c**2 + 12*c + 6. Determine d(q).
6
Let f(c) = c**3 + 5*c**2 + 61*c + 227. Let h be f(-4). Let j(y) = -53*y - 58. Calculate j(h).
-5
Suppose -o - 102 = -5*w, w = 4*o - 14 + 42. Suppose -m + w = 4*m. Let t(v) = 0 + v**2 + 4 - m. Give t(3).
9
Let v(d) = 55*d - 18. Let q(i) = -9*i + 7. Let u(g) = -6*q(g) - v(g). What is u(-6)?
-18
Let z(v) = -v + 4. Let s = 841 - 838. Suppose 25 = 4*r - y, -r = -4*y - 7 - s. Calculate z(r).
-2
Suppose -4*j - 4*j - 1120 = 0. Let y = j - -125. Let q(f) = -f**3 - 14*f**2 + 14*f - 10. Calculate q(y).
5
Let t = 10601 + -10599. Let m(f) = 9*f**3 + 2*f**2 - 8. Let y(v) = -6*v**3 - v**2 + 5. Let d(x) = -5*m(x) - 8*y(x). Determine d(t).
16
Suppose 12*o - 220 = 260. Let k be o/(-12)*(5/10 + 1). Let s(h) = 0*h - 3*h + 1 + 2*h. Give s(k).
6
Let y(c) = 4*c - 14. Let f be (-17)/((-102)/(-40))*(-18)/10. What is y(f)?
34
Let k(y) = 2*y**3 + y**2 - y - 1. Suppose 5*z = -4*p + 7, z - 2*p - 11 = -6*p. Calculate k(z).
-1
Let r(p) = 5*p + 3. Suppose 2*s + 5 - 13 = 0. Suppose -7*h - s = -8*h. Let u be (((-6)/h)/1)/((-14)/(-28)). Determine r(u).
-12
Suppose 3*m - g + 17 = 0, -6*g = -3*m - 2*g - 5. Let k(x) = -163*x + 1 - 5 + 160*x. Let q(v) = -2*v - 2. Let u(a) = -4*k(a) + 5*q(a). Determine u(m).
-8
Suppose 16*y + 0 = 112. Let d(x) = -x**2 + 2*x + 12. Give d(y).
-23
Let g(s) be t